{"id":8,"date":"2020-06-05T17:42:48","date_gmt":"2020-06-05T15:42:48","guid":{"rendered":"https:\/\/brio.nimavel.cz\/?page_id=8"},"modified":"2020-09-29T20:06:24","modified_gmt":"2020-09-29T18:06:24","slug":"home","status":"publish","type":"page","link":"https:\/\/brio.nimavel.cz\/","title":{"rendered":"Home"},"content":{"rendered":"<p>[et_pb_section fb_built=&#8220;1&#8243; _builder_version=&#8220;4.6.3&#8243; background_color=&#8220;rgba(0,0,0,0)&#8220; background_image=&#8220;https:\/\/brio.nimavel.cz\/wp-content\/uploads\/2020\/07\/20200626163202_IMG_3490-scaled.jpg&#8220; custom_padding=&#8220;18%||18%||false|false&#8220;][et_pb_row _builder_version=&#8220;4.4.7&#8243; custom_margin=&#8220;||||false|false&#8220; custom_padding=&#8220;||||false|false&#8220;][et_pb_column type=&#8220;4_4&#8243; _builder_version=&#8220;4.4.7&#8243;][et_pb_text content_tablet=&#8220;<\/p>\n<h1 style=%22text-align: center; font-size: 44px;%22><strong> Brio kule\u010dn\u00edkov\u00fd bar<\/strong><\/h1>\n<p>&#8220; content_phone=&#8220;<\/p>\n<h1 style=%22text-align: center;%22><strong> Brio kule\u010dn\u00edkov\u00fd bar<\/strong><\/h1>\n<p>&#8220; content_last_edited=&#8220;on|tablet&#8220; _builder_version=&#8220;4.6.3&#8243; text_font=&#8220;||||||||&#8220; custom_margin=&#8220;||||false|false&#8220; custom_padding=&#8220;||||false|false&#8220; text_text_shadow_style=&#8220;preset4&#8243; text_text_shadow_vertical_length=&#8220;0.1em&#8220; text_text_shadow_color=&#8220;#ffffff&#8220;]<\/p>\n<h1 style=\"text-align: center; font-size: 64px;\"><strong>\u00a0\u00a0Brio kule\u010dn\u00edkov\u00fd bar<\/strong><\/h1>\n<p>[\/et_pb_text][\/et_pb_column][\/et_pb_row][\/et_pb_section][et_pb_section fb_built=&#8220;1&#8243; _builder_version=&#8220;4.4.8&#8243; background_enable_image=&#8220;off&#8220; custom_padding=&#8220;||||false|false&#8220; motion_trigger_start=&#8220;top&#8220;][et_pb_row column_structure=&#8220;1_2,1_2&#8243; _builder_version=&#8220;4.4.8&#8243;][et_pb_column type=&#8220;1_2&#8243; _builder_version=&#8220;4.4.7&#8243;][et_pb_text _builder_version=&#8220;4.4.8&#8243; custom_margin=&#8220;15%||||false|false&#8220; link_option_url=&#8220;brio.nimavel.cz#onas&#8220;]<\/p>\n<h4 style=\"text-align: center; font-size: 26px;\"><span style=\"color: #000000;\">O n\u00e1s<\/span><\/h4>\n<p>[\/et_pb_text][et_pb_text _builder_version=&#8220;4.4.8&#8243; ul_text_shadow_style=&#8220;preset3&#8243;]<\/p>\n<p style=\"text-align: center;\"><span style=\"color: #000000;\">Nov\u011b zrekonstruovan\u00fd kule\u010dn\u00edkov\u00fd bar s dlouholetou historii, kterou si vzali do par\u00e1dy dva mlad\u00ed zap\u00e1len\u00ed kluci, nabit\u00ed energii, kte\u0159\u00ed to tu chcou vy\u0161perkovat k dokonalosti a spokojenosti nov\u00fdch, ale i dlouholet\u00fdch zakazn\u00edku.<\/span><\/p>\n<p>[\/et_pb_text][\/et_pb_column][et_pb_column type=&#8220;1_2&#8243; _builder_version=&#8220;4.4.7&#8243;][et_pb_image src=&#8220;https:\/\/brio.nimavel.cz\/wp-content\/uploads\/2020\/06\/22AB161F-67FF-43BD-82C1-10E69FB5A49B-scaled.jpeg&#8220; title_text=&#8220;22AB161F-67FF-43BD-82C1-10E69FB5A49B&#8220; _builder_version=&#8220;4.4.8&#8243;][\/et_pb_image][\/et_pb_column][\/et_pb_row][\/et_pb_section][et_pb_section fb_built=&#8220;1&#8243; inner_shadow=&#8220;on&#8220; _builder_version=&#8220;4.4.8&#8243;][et_pb_row column_structure=&#8220;1_2,1_2&#8243; make_equal=&#8220;on&#8220; _builder_version=&#8220;4.6.3&#8243; custom_margin=&#8220;||||false|false&#8220; custom_padding=&#8220;|0px||0px|false|false&#8220;][et_pb_column type=&#8220;1_2&#8243; _builder_version=&#8220;4.6.3&#8243; background_enable_image=&#8220;off&#8220; custom_padding=&#8220;3%|5%|3%|5%|false|false&#8220; background_last_edited=&#8220;on|desktop&#8220; box_shadow_style=&#8220;preset1&#8243;][et_pb_text _builder_version=&#8220;4.6.3&#8243; custom_margin=&#8220;||||false|false&#8220; link_option_url=&#8220;#nabidka&#8220;]<\/p>\n<h3 style=\"text-align: center;\">Na \u010depu<\/h3>\n<p>[\/et_pb_text][et_pb_text _builder_version=&#8220;4.6.3&#8243; custom_margin=&#8220;||||false|false&#8220; custom_padding=&#8220;||||false|false&#8220;]<\/p>\n<table id=\"napojak\" cellpadding=\"0\" cellspacing=\"0\">\n<tr>\n<td>Staropramen 11\u00b0 Nepaster<\/td>\n<td>33 K\u010d<\/td>\n<\/tr>\n<tr>\n<td>Mustang 11\u00b0<\/td>\n<td>35 K\u010d<\/td>\n<\/tr>\n<tr>\n<td>Pern\u0161tejn 12\u00b0<\/td>\n<td>39 K\u010d<\/td>\n<\/tr>\n<tr>\n<td>Jable\u010dn\u00fd cider Carling<\/td>\n<td>39 K\u010d<\/td>\n<\/tr>\n<tr>\n<td>Malinovka<\/td>\n<td>26 K\u010d<\/td>\n<\/tr>\n<\/table>\n<p>[\/et_pb_text][\/et_pb_column][et_pb_column type=&#8220;1_2&#8243; _builder_version=&#8220;4.6.3&#8243; custom_padding=&#8220;3%|5%|3%|5%|false|false&#8220; box_shadow_style=&#8220;preset1&#8243;][et_pb_text _builder_version=&#8220;4.6.3&#8243; custom_margin=&#8220;||0px||false|false&#8220; custom_padding=&#8220;||0px||false|false&#8220;]<\/p>\n<h2 style=\"font-size: 22px;\">Kule\u010dn\u00edk<\/h2>\n<p><strong>4x pool<\/strong> (velkost: <strong>7<\/strong> &#8211;\u00a01x, <strong>8<\/strong> &#8211; 2x, <strong>9<\/strong> &#8211; 1x)<br \/> <strong>1x karambol<\/strong><\/p>\n<p>[\/et_pb_text][et_pb_text _builder_version=&#8220;4.6.3&#8243; custom_margin=&#8220;|||15px|false|false&#8220;]<\/p>\n<table id=\"kulecnik\" cellpadding=\"0\" cellspacing=\"0\">\n<tbody>\n<tr>\n<th>Po &#8211; So<\/th>\n<th>1 hod<\/th>\n<\/tr>\n<tr>\n<td>14:00 &#8211; 17:00<\/td>\n<td>120 K\u010d<\/td>\n<\/tr>\n<tr>\n<td>17:00 &#8211; 19:00<\/td>\n<td>150 K\u010d<\/td>\n<\/tr>\n<tr>\n<td>19:00 &#8211; do konce dne<\/td>\n<td>180 K\u010d<\/td>\n<\/tr>\n<tr>\n<th>Ned\u011ble<\/th>\n<th><\/th>\n<\/tr>\n<tr>\n<td>14:00 &#8211; do konce dne<\/td>\n<td>120 K\u010d<\/td>\n<\/tr>\n<\/tbody>\n<\/table>\n<p>[\/et_pb_text][et_pb_text _builder_version=&#8220;4.6.3&#8243; custom_margin=&#8220;||||false|false&#8220;]<\/p>\n<p><span style=\"font-size: 22px\">\u0160ipky<\/span> &#8211; 3 automaty<\/p>\n<p><span style=\"font-size: 22px\">Fotb\u00e1lek<\/span> &#8211; 2 stoly<\/p>\n<p>[\/et_pb_text][\/et_pb_column][\/et_pb_row][\/et_pb_section][et_pb_section fb_built=&#8220;1&#8243; _builder_version=&#8220;4.6.3&#8243; width=&#8220;100%&#8220; max_width=&#8220;100%&#8220; module_alignment=&#8220;center&#8220; custom_margin=&#8220;|0px||0px|false|false&#8220; custom_padding=&#8220;|0px||0px|false|false&#8220;][et_pb_row _builder_version=&#8220;4.6.3&#8243; width=&#8220;100%&#8220; max_width=&#8220;1920px&#8220; max_height=&#8220;350px&#8220; custom_margin=&#8220;||||false|false&#8220; custom_padding=&#8220;|0px||0px|false|false&#8220;][et_pb_column type=&#8220;4_4&#8243; _builder_version=&#8220;4.6.3&#8243; custom_padding=&#8220;|0px||0px|false|false&#8220;][et_pb_gallery gallery_ids=&#8220;190,276,200,197,166,274,272,284,285,183,180,179,184,177,178&#8243; show_title_and_caption=&#8220;off&#8220; _builder_version=&#8220;4.6.3&#8243; custom_margin=&#8220;|0px||0px|false|false&#8220; custom_padding=&#8220;||||false|false&#8220; hover_enabled=&#8220;0&#8243; module_id=&#8220;#gallslide&#8220; sticky_enabled=&#8220;0&#8243;][\/et_pb_gallery][\/et_pb_column][\/et_pb_row][\/et_pb_section][et_pb_section fb_built=&#8220;1&#8243; inner_shadow=&#8220;on&#8220; _builder_version=&#8220;4.4.8&#8243;][et_pb_row _builder_version=&#8220;4.6.3&#8243; _module_preset=&#8220;default&#8220; custom_padding=&#8220;||0px||false|false&#8220;][et_pb_column type=&#8220;4_4&#8243; _builder_version=&#8220;4.6.3&#8243; _module_preset=&#8220;default&#8220;][et_pb_text _builder_version=&#8220;4.6.3&#8243; _module_preset=&#8220;default&#8220; custom_margin=&#8220;||0px||false|false&#8220; custom_padding=&#8220;||0px||false|false&#8220;]<\/p>\n<h4>Kontakt<\/h4>\n<p>[\/et_pb_text][\/et_pb_column][\/et_pb_row][et_pb_row column_structure=&#8220;1_2,1_2&#8243; _builder_version=&#8220;4.6.3&#8243;][et_pb_column type=&#8220;1_2&#8243; _builder_version=&#8220;4.4.8&#8243;][et_pb_text _builder_version=&#8220;4.6.3&#8243;]<\/p>\n<p>Brio club: +420 722 126 840<br \/>Vedouci: +<span>420 725 334 705<\/span><\/p>\n<p>[\/et_pb_text][\/et_pb_column][et_pb_column type=&#8220;1_2&#8243; _builder_version=&#8220;4.6.3&#8243; _module_preset=&#8220;default&#8220;][et_pb_text _builder_version=&#8220;4.6.3&#8243; _module_preset=&#8220;default&#8220;]<\/p>\n<p>Brio club kule\u010dn\u00edk<br \/>\u0160umavsk\u00e1 414\/1<br \/>602 00 Brno<br \/>I\u010c:\u00a009164294<\/p>\n<p>[\/et_pb_text][\/et_pb_column][\/et_pb_row][\/et_pb_section]<\/p>\n","protected":false},"excerpt":{"rendered":"<p>\u00a0\u00a0Brio kule\u010dn\u00edkov\u00fd barO n\u00e1sNov\u011b zrekonstruovan\u00fd kule\u010dn\u00edkov\u00fd bar s dlouholetou historii, kterou si vzali do par\u00e1dy dva mlad\u00ed zap\u00e1len\u00ed kluci, nabit\u00ed energii, kte\u0159\u00ed to tu chcou vy\u0161perkovat k dokonalosti a spokojenosti nov\u00fdch, ale i dlouholet\u00fdch zakazn\u00edku.Na \u010depu Staropramen 11\u00b0 Nepaster 33 K\u010d Mustang 11\u00b0 35 K\u010d Pern\u0161tejn 12\u00b0 39 K\u010d Jable\u010dn\u00fd cider Carling 39 K\u010d Malinovka [&hellip;]<\/p>\n","protected":false},"author":1,"featured_media":0,"parent":0,"menu_order":0,"comment_status":"closed","ping_status":"closed","template":"","meta":{"_et_pb_use_builder":"on","_et_pb_old_content":"","_et_gb_content_width":""},"_links":{"self":[{"href":"https:\/\/brio.nimavel.cz\/index.php?rest_route=\/wp\/v2\/pages\/8"}],"collection":[{"href":"https:\/\/brio.nimavel.cz\/index.php?rest_route=\/wp\/v2\/pages"}],"about":[{"href":"https:\/\/brio.nimavel.cz\/index.php?rest_route=\/wp\/v2\/types\/page"}],"author":[{"embeddable":true,"href":"https:\/\/brio.nimavel.cz\/index.php?rest_route=\/wp\/v2\/users\/1"}],"replies":[{"embeddable":true,"href":"https:\/\/brio.nimavel.cz\/index.php?rest_route=%2Fwp%2Fv2%2Fcomments&post=8"}],"version-history":[{"count":59,"href":"https:\/\/brio.nimavel.cz\/index.php?rest_route=\/wp\/v2\/pages\/8\/revisions"}],"predecessor-version":[{"id":303,"href":"https:\/\/brio.nimavel.cz\/index.php?rest_route=\/wp\/v2\/pages\/8\/revisions\/303"}],"wp:attachment":[{"href":"https:\/\/brio.nimavel.cz\/index.php?rest_route=%2Fwp%2Fv2%2Fmedia&parent=8"}],"curies":[{"name":"wp","href":"https:\/\/api.w.org\/{rel}","templated":true}]}}